9. Let d(h) = 4*h + 10. Let m(n) = 8*d(n) - 3*r(n). What is the units digit of m(j)?
1
What is the units digit of 33 + 4/4 + -1?
3
Let u be (-70)/7*(-1 + 0). Let w(v) = v**3 - 11*v**2 + 10*v + 7. What is the units digit of w(u)?
7
Suppose -5*v - 40 - 30 = 0. Let g = v - -28. What is the units digit of g?
4
Let v(p) = 67*p - 7. What is the hundreds digit of v(2)?
1
What is the tens digit of 85 - -4 - 5 - 5?
7
Let w(b) = b**3 + 7*b**2 - 7*b + 11. Let t be w(-8). Suppose t*r = -0*r + 5*h, 2*h = -5*r + 31. What is the units digit of r?
5
Suppose 16*b = 12*b + 108. What is the tens digit of b?
2
Suppose -2*s - 17 + 103 = -4*b, -3*s = 2*b - 137. What is the units digit of s?
5
Suppose 3*q = 1 - 19. Let n(r) = 2*r**2 - 2*r + 3. Let u be n(q). Suppose 4*v = u - 15. What is the tens digit of v?
1
Suppose 6*l - 83 = 133. What is the units digit of l?
6
Let a be 3/3 - (0 - -1). Suppose 5*t - 5 = 5*s, -6*s + 2*s + t + 5 = a. What is the units digit of s?
2
Let j(s) = 19*s**2 - 1. Let a(u) = u + 2. Let d be a(-3). What is the units digit of j(d)?
8
Let q be (1 + (-28)/6)*3. Let v(t) = 3*t + 1. Let b be v(-3). Let d = b - q. What is the units digit of d?
3
Let n(w) = w**3 - 6*w**2 + 4*w + 6. What is the tens digit of n(6)?
3
Let q(o) = 3*o**2 + 3*o - 4. Let c be q(4). Suppose 5*v + 4*n = 70, 4*v = -0*v - 2*n + c. What is the tens digit of v?
1
Let d(m) = -m - 4 - 2*m + 2. What is the tens digit of d(-4)?
1
Let c be ((-20)/(-6))/(10/(-30)). Let x = 10 - c. What is the units digit of x?
0
Let c = -24 + 46. What is the tens digit of c?
2
What is the units digit of 19 + -1 + 0 + 0?
8
Let x(a) = -a + 5. Let c be x(4). Suppose -t + 3 + c = -2*j, -2*t = 3*j - 15. What is the units digit of t?
6
Let r(v) = -v**2 - 2*v + 3. Let j be r(-3). Suppose -12 = -4*m, 3*m = -3*y - j*y. What is the units digit of 1*2 - y/3?
3
Let d be (20*5)/((-3)/(-9)). What is the units digit of ((-36)/10)/((-18)/d)?
0
Let x be (3 + -2)*6*-2. Let j be (-2 - 0)/((-4)/x). What is the units digit of ((-6)/(-4))/((-3)/j)?
3
Let p(l) = -2*l - 8. Suppose 3*i - 5*i = 0. Let k(g) = g**2 + g - 7. Let z be k(i). What is the units digit of p(z)?
6
Let m(b) = b**2 - 9. What is the tens digit of m(-5)?
1
Let r(b) = -3*b**3 + b**2 + 2*b - 1. Let s(g) = 4*g**3 - g**2 - g + 2. Let p = -6 + 3. Let a(m) = p*r(m) - 2*s(m). What is the units digit of a(3)?
5
Let k = 27 - 14. What is the tens digit of k?
1
Let p(u) = 5*u**2 - u - 7. Let m be p(-6). Suppose 4*t - m + 35 = 0. What is the units digit of t?
6
Suppose -5*a = -3*u + 35, -5*a - 16 - 19 = -u. Let f = 4 - a. What is the tens digit of f?
1
Let j = 89 - 59. What is the tens digit of j?
3
Suppose c - 4 = 0, -b + 4*c + 25 + 16 = 0. What is the tens digit of b?
5
Suppose 2*x - 5*n = 22, 5*x + 2*n + 2*n = 88. Suppose 41 = 5*a + x. What is the units digit of (-2)/a + (-24)/(-10)?
2
Suppose -10*n + n + 432 = 0. What is the tens digit of n?
4
Suppose -5*i - 15 + 545 = 0. What is the tens digit of i?
0
Suppose 0 = -3*m - 149 - 94. Let k = -55 - m. What is the tens digit of k?
2
Suppose 0 = d + 5*q - 34, d - 3*q = 3*d - 33. What is the units digit of d?
9
Let x(n) = 16*n + 1. Let l(d) = -11*d - 1. Let z(s) = -7*l(s) - 5*x(s). Let p be z(6). Let b = p - -24. What is the units digit of b?
8
Let q be 2 + (-1 - (1 - 0)). Suppose 5 = 5*k - q*k. What is the units digit of k?
1
Suppose 3*u - d + 57 = 4*u, -281 = -5*u - 3*d. What is the units digit of u?
5
Suppose 199 = -7*x + 2495. What is the tens digit of x?
2
Let t(n) = -2*n - 1. Let k be t(-2). Let f = -2 + k. Suppose 0 = 5*l - 29 - f. What is the units digit of l?
6
Let l be 15/(-6)*(-16)/10. Suppose -10 = -3*u - r, -l*u - 2*r = -0*r - 16. Suppose d - 4 = -u. What is the units digit of d?
2
Let h(z) = z + 56. What is the units digit of h(-6)?
0
Suppose 5*l + h - 1851 = 0, 0 = l + 5*h - h - 374. What is the hundreds digit of l?
3
Let x(b) = -b**2 - 7*b - 3. Let l be x(-5). Let n = l - -3. Let z = 19 - n. What is the units digit of z?
9
Suppose -1 + 6 = u. Suppose -3 - 7 = -u*t. Suppose 4*i + 4 = 0, -t*o + i + 9 = 2*o. What is the units digit of o?
2
Suppose 2*w = 3*w - 4. Let r(t) = -6*t - 1. Let l be r(-1). Suppose -l*c = -56 - w. What is the units digit of c?
2
Suppose 4*l = -w + 12, -5*l + 4 = 5*w - 11. Let m = 4 + w. What is the units digit of m?
4
Let r(l) = -l**2 - 7*l - 5. Let q be r(-5). Let b = q - 0. What is the units digit of b?
5
Suppose 0*p = 2*p - f - 170, 4*p - 340 = 4*f. What is the tens digit of p?
8
Suppose x - j - 7 = 0, -5*x + 2*j - 3*j + 17 = 0. What is the tens digit of (x/12)/((-2)/(-306))?
5
Suppose 8*r = r + 1036. What is the units digit of r?
8
Suppose 4*u = 213 + 59. What is the units digit of u?
8
Let a = 146 + -23. What is the tens digit of a?
2
Suppose -b + 3*b - 6 = 0. What is the units digit of b?
3
Let h(f) = 3*f**2 - f**2 + 0 + 0*f**2 + 1 - 2*f. What is the units digit of h(1)?
1
Let c(b) = -2*b**2 + 14*b - 5. Let u(f) = -f**2 + 7*f - 2. Let g(s) = -3*c(s) + 5*u(s). Suppose 17 = -5*y + 52. What is the units digit of g(y)?
5
Suppose 2*h + 5*j + 0 - 13 = 0, -2*h = -5*j - 23. Let c(a) = 2*a - 13. Let r be c(h). Suppose -b + 5*u = 23, 4*b - 18 = r*b - 4*u. What is the units digit of b?
2
Let j(u) = -u**2 - 11*u + 1. Suppose -4*t = 14 + 30. Let x be j(t). Let w = x - -3. What is the units digit of w?
4
Let g(a) = -a**2 + 4*a + 2. Let z(n) = -6*n**2 + 19*n + 10. Let c(b) = -11*g(b) + 2*z(b). What is the units digit of c(-4)?
6
Let x = 10 - 1. Suppose -4*f = x - 37. What is the units digit of f?
7
Let v(l) = -l**3 - 4*l**2 + 4*l - 4. Let n be v(-5). Suppose 21 = 5*t + n. What is the units digit of t?
4
Let w(n) = 7*n - 3. Let s be 13 + -9 + (-2 - -1). What is the units digit of w(s)?
8
Let m(g) = 158*g. What is the hundreds digit of m(1)?
1
Let j(w) = -2*w + 8 - 8. Let z be j(-5). Let d = z + -3. What is the units digit of d?
7
Let s = 204 - 116. Let x = s - 58. What is the units digit of x?
0
Let o = -254 + 483. What is the units digit of o?
9
Suppose 626 = 4*k + 102. What is the units digit of k?
1
Suppose h - 2*q = -2*h - 3, -2*h + 2*q - 4 = 0. Let x = 7 - h. What is the units digit of x?
6
Let i(k) = 2*k + 27. What is the tens digit of i(-2)?
2
Let c be (-22)/(-8) + 3/12. Suppose -16 + 12 = -4*d. What is the units digit of d/2 + c/6?
1
Suppose 2*v - 1 + 3 = 0. What is the tens digit of 1 - (v - 16) - -3?
2
Let v = 24 + -36. Let i = v + 28. What is the units digit of i?
6
Suppose 22 = -4*f - 10. Let v = f - -13. Let x = v - -3. What is the units digit of x?
8
Suppose -2*n + 34 = 2*f, -5*f - 45 = -5*n - 0*f. Let b(y) = y**3 + n*y - 7 - 2*y**3 - 7*y**2 - 6*y. What is the units digit of b(-8)?
1
What is the tens digit of 383/5 + (160/25 - 6)?
7
Let f(p) = 2*p - 3. Let c be f(3). Suppose -4*r + c*r = 0. Suppose -q = -r*q - 2, -2*b + 5*q + 4 = 0. What is the units digit of b?
7
Let u(x) = -x**3 + 2*x**2 + 6*x - 5. Let h be u(5). What is the units digit of (-1)/(-2 + h/(-26))?
3
Let p = 41 + -61. Let w be (-4)/18 + p/(-9). Suppose -27 = -5*f - 2*l, w*l + 1 = 3*f + 7*l. What is the units digit of f?
7
Suppose 3*c + a = -0*a + 52, 5*a = -c + 8. Suppose -z + 6*y + c = y, 0 = -z + y + 6. What is the units digit of z?
3
Let w be 0 + 21/(9/(-3)). Let m = w - -16. What is the units digit of m?
9
Let p = 560 + -366. What is the hundreds digit of p?
1
Let d(n) = n**2 - 2*n + 3. Let h = 2 + 3. Suppose 0 = i - h + 2. What is the units digit of d(i)?
6
Let t = 20 + -16. Suppose -t*n - 87 = -7*n. What is the units digit of n?
9
Suppose -2*i + 3*x = 3*i - 42, -3*i = -4*x - 34. Suppose 0 = 3*c - i*c + 39. What is the tens digit of c?
1
Let f = -21 + 140. What is the hundreds digit of f?
1
Let m(z) = -z - 16. What is the units digit of m(-19)?
3
Let v be (1/((-1)/(-4)))/2. Suppose -r = -g - 17, -55 = -5*r + v*r + g. What is the tens digit of r?
1
Suppose -4*d = -73 - 7. Let w = d - 13. What is the units digit of w?
7
Let j(r) = r**3 + 7*r**2 + 5*r - 4. Let f = -9 + 4. What is the tens digit of j(f)?
2
Suppose 2*c - 12 = 4. Let q = c - -8. What is the tens digit of q?
1
Let m be ((-30)/(-35))/((-2)/14). What is the tens digit of (-28)/(5/(15/m))?
1
Let b(u) = u + 9. Let p be b(-5). Let o(h) = h**2 - 3*h - 2. Let y be o(p). What is the units digit of y*((-45)/(-6) + -1)?
3
Let p be 5 + (-2 + 1 - 1). Let u 